{"version":"1.0","provider_name":"Politika \u00e9s \u00e9let","provider_url":"https:\/\/lassitottfelvetel2019.cafeblog.hu","author_name":"Tibor Z\u00e1voczki","author_url":"https:\/\/lassitottfelvetel2019.cafeblog.hu\/author\/tibor_zavoczki\/","title":"Koszor\u00faz\u00e1s","html":"<p>Higgy\u00e9tek el, j\u00f3l \u00e9reztem magam a k\u00f6z\u00f6s \u00fcnnepl\u00e9sen!Nagyj\u00e1b\u00f3l elfogadtam a h\u00e1rom p\u00e1rt eln\u00f6k\u00e9nek a gondolatait!<\/p>\r\n<p>Azonban, hi\u00e1ba mindez, ha a v\u00e9g\u00e9n a koszor\u00faz\u00e1sn\u00e1l hiba cs\u00faszott a rendszerbe! Ugyanis a MI\u00c9P ma nem koszor\u00fazta meg igaz magyar k\u00f6lt\u0151nk szobr\u00e1t! Tavaly, amikor egyed\u00fcl \u00fcnnepelt\u00fcnk, megtette! Most mi t\u00f6rt\u00e9nt a t\u00f6rt\u00e9nelmi p\u00e1rttal? M\u00e1r itt is diktat\u00fara van? Vagy egyszer\u0171en csak a butas\u00e1g \u00fct\u00f6tte fel a fej\u00e9t? Ki a felel\u0151s ez\u00e9rt? Mi t\u00e1ntor\u00edthat el egy radik\u00e1lis p\u00e1rt eln\u00f6k\u00e9t a k\u00f6telez\u0151 tiszteletad\u00e1s elmulaszt\u00e1s\u00e1t\u00f3l? Tisztelem, becs\u00fcl\u00f6m, ki\u00e1llok mellette, Nagy Tibor, a MI\u00c9P eln\u00f6k\u00e9t, elvitathatatlan \u00e9rdemei vannak a MI\u00c9P felt\u00e1maszt\u00e1s\u00e1ban! Azonban ez egy hatalmas, protokoll\u00e1ris hiba volt! Aki ismer, tudja, 1993 \u00f3ta MI\u00c9P-es a v\u00e9rem, \u00e9s minden Csurka- rendezv\u00e9ny ut\u00e1n felt\u00f6lt\u0151dve, magyars\u00e1gomat meger\u0151s\u00edtve mentem haza! Ma nem! Ma azt \u00e9reztem, amit egy kor\u00e1bbi blogbejegyz\u00e9semben le\u00edrtam! Nem kell\u00fcnk a magyaroknak! Azok nem kellenek, akik minden mozdulatukkal \u00e9rt\u00fck \u00e9lnek! Lehet, ez csak az \u00e9n v\u00edzi\u00f3m, de ez a hatalmas hiba v\u00e9gzetes folyamatot ind\u00edthat el! Ha t\u00f6rik, ha szakad, akkor is koszor\u00fazok, ha a Duna akar a fej\u00fcnk\u00f6n \u00e1tfolyni! Nem ez t\u00f6rt\u00e9nt! Minden jelenl\u00e9v\u0151 azt k\u00e9rdezte, m\u00e1r akivel besz\u00e9ltem, mi\u00e9rt nem koszor\u00fazunk?<\/p>\r\n<p>V\u00e1laszt nem tudok, mivel \u00e9n egy \"nagyhatalm\u00fa\" senki vagyok a p\u00e1rt \u00e9let\u00e9ben!<\/p>\r\n<p>Tisztelettel v\u00e1rom a v\u00e1laszt, b\u00e1r nem lesz r\u00e1, ez biztos!<\/p>\r\n<p>Hajr\u00e1 MI\u00c9P!!!<\/p>","type":"rich"}

Politika és élet

Tibor Závoczki

Koszorúzás

<p>Higgyétek el, jól éreztem magam a közös ünneplésen!Nagyjából elfogadtam a három párt elnökének a gondolatait!</p>
<p>Azonban, hiába mindez, ha a végén a koszorúzásnál hiba csúszott a rendszerbe! Ugyanis a MIÉP ma nem koszorúzta meg igaz magyar költőnk szobrát! Tavaly, amikor egyedül ünnepeltünk, megtette! Most mi történt a történelmi párttal? Már itt is diktatúra van? Vagy egyszerűen csak a butaság ütötte fel a fejét? Ki a felelős ezért? Mi tántoríthat el egy radikális párt elnökét a kötelező tiszteletadás elmulasztásától? Tisztelem, becsülöm, kiállok mellette, Nagy Tibor, a MIÉP elnökét, elvitathatatlan érdemei vannak a MIÉP feltámasztásában! Azonban ez egy hatalmas, protokolláris hiba volt! Aki ismer, tudja, 1993 óta MIÉP-es a vérem, és minden Csurka- rendezvény után feltöltődve, magyarságomat megerősítve mentem haza! Ma nem! Ma azt éreztem, amit egy korábbi blogbejegyzésemben leírtam! Nem kellünk a magyaroknak! Azok nem kellenek, akik minden mozdulatukkal értük élnek! Lehet, ez csak az én vízióm, de ez a hatalmas hiba végzetes folyamatot indíthat el! Ha törik, ha szakad, akkor is koszorúzok, ha a Duna akar a fejünkön átfolyni! Nem ez történt! Minden jelenlévő azt kérdezte, már akivel beszéltem, miért nem koszorúzunk?</p>
<p>Választ nem tudok, mivel én egy "nagyhatalmú" senki vagyok a párt életében!</p>
<p>Tisztelettel várom a választ, bár nem lesz rá, ez biztos!</p>
<p>Hajrá MIÉP!!!</p>
